{"id":8,"date":"2019-10-21T12:02:32","date_gmt":"2019-10-21T12:02:32","guid":{"rendered":"http:\/\/lasource.contact\/?page_id=8"},"modified":"2022-06-07T23:36:01","modified_gmt":"2022-06-07T21:36:01","slug":"about-me","status":"publish","type":"page","link":"https:\/\/lasource.contact\/index.php\/about-me\/","title":{"rendered":"L&#8217;auteur"},"content":{"rendered":"<p><div class=\"fusion-fullwidth fullwidth-box fusion-builder-row-1 fusion-flex-container nonhundred-percent-fullwidth non-hundred-percent-height-scrolling\" style=\"background-color: var(--awb-color1);background-position: center center;background-repeat: no-repeat;border-width: 0px 0px 0px 0px;border-color:hsla(var(--awb-color3-h),var(--awb-color3-s),calc( var(--awb-color3-l) + 15% ),var(--awb-color3-a));border-style:solid;\" ><div class=\"fusion-builder-row fusion-row fusion-flex-align-items-flex-start\" style=\"max-width:95.68%;margin-left: calc(-4% \/ 2 );margin-right: calc(-4% \/ 2 );\"><div class=\"fusion-layout-column fusion_builder_column fusion-builder-column-0 fusion_builder_column_2_5 2_5 fusion-flex-column fusion-animated\" data-animationType=\"fadeInLeft\" data-animationDuration=\"1.0\" data-animationOffset=\"top-into-view\"><div class=\"fusion-column-wrapper fusion-flex-justify-content-flex-start fusion-content-layout-column\" style=\"background-position:left top;background-repeat:no-repeat;-webkit-background-size:cover;-moz-background-size:cover;-o-background-size:cover;background-size:cover;padding: 0px 0px 0px 0px;\"><div ><span class=\" fusion-imageframe imageframe-none imageframe-1 hover-type-none\"><img width=\"150\" height=\"150\" title=\"Sarah_Schopperle_PORTRAIT2022_4\" src=\"data:image\/svg+xml,%3Csvg%20xmlns%3D%27http%3A%2F%2Fwww.w3.org%2F2000%2Fsvg%27%20width%3D%271954%27%20height%3D%271848%27%20viewBox%3D%270%200%201954%201848%27%3E%3Crect%20width%3D%271954%27%20height%3D%271848%27%20fill-opacity%3D%220%22%2F%3E%3C%2Fsvg%3E\" data-orig-src=\"http:\/\/lasource.contact\/wp-content\/uploads\/2022\/04\/Sarah_Schopperle_PORTRAIT2022_4-150x150.jpg\" alt class=\"lazyload img-responsive wp-image-2710\"\/><\/span><\/div><\/div><style type=\"text\/css\">.fusion-body .fusion-builder-column-0{width:40% !important;margin-top : 0px;margin-bottom : 20px;}.fusion-builder-column-0 > .fusion-column-wrapper {padding-top : 0px !important;padding-right : 0px !important;margin-right : 6.72%;padding-bottom : 0px !important;padding-left : 0px !important;margin-left : 4.8%;}@media only screen and (max-width:1075px) {.fusion-body .fusion-builder-column-0{width:100% !important;}.fusion-builder-column-0 > .fusion-column-wrapper {margin-right : 1.92%;margin-left : 1.92%;}}@media only screen and (max-width:640px) {.fusion-body .fusion-builder-column-0{width:100% !important;}.fusion-builder-column-0 > .fusion-column-wrapper {margin-right : 1.92%;margin-left : 1.92%;}}<\/style><\/div><div class=\"fusion-layout-column fusion_builder_column fusion-builder-column-1 fusion_builder_column_3_5 3_5 fusion-flex-column fusion-animated\" data-animationType=\"fadeInRight\" data-animationDuration=\"1.0\" data-animationOffset=\"top-into-view\"><div class=\"fusion-column-wrapper fusion-flex-justify-content-flex-start fusion-content-layout-column\" style=\"background-position:left top;background-repeat:no-repeat;-webkit-background-size:cover;-moz-background-size:cover;-o-background-size:cover;background-size:cover;padding: 0px 0px 0px 0px;\"><div class=\"fusion-text fusion-text-1 fusion-text-split-columns fusion-text-columns-2 fusion-no-small-visibility\" style=\" -webkit-column-count:2; -webkit-column-gap:8%; -webkit-column-width:100px; -webkit-column-rule:1px solid hsla(var(--awb-color3-h),var(--awb-color3-s),calc(var(--awb-color3-l) + 15%),var(--awb-color3-a)); -moz-column-count:2; -moz-column-gap:8%; -moz-column-width:100px; -moz-column-rule:1px solid hsla(var(--awb-color3-h),var(--awb-color3-s),calc(var(--awb-color3-l) + 15%),var(--awb-color3-a)); column-count:2; column-gap:8%; column-width:100px; column-rule:1px solid hsla(var(--awb-color3-h),var(--awb-color3-s),calc(var(--awb-color3-l) + 15%),var(--awb-color3-a));\"><p><span class=\"fusion-dropcap dropcap\">M<\/span>\u00e8re de quatre enfants et maman de coeur de Victoria, Sarah Sch\u00f6pperl\u00e9 est mari\u00e9e \u00e0 S\u00e9bastien, pasteur en Alsace.<\/p>\n<p>Son livre &#8220;Moi, belle-m\u00e8re ordinaire&#8221; paru aux Editions du Cerf le 9 juin 2022 est \u00e0 la fois le r\u00e9cit du cheminement de Sarah, un condens\u00e9 des le\u00e7ons qu\u2019elle a apprises en chemin et qu\u2019elle transmet ainsi \u00e0 ceux qui vivent de pr\u00e8s ou\u00a0de loin une situation de famille recompos\u00e9e.<\/p>\n<p>Sarah n\u2019avait pas pr\u00e9vu de tomber amoureuse de S\u00e9bastien, pasteur et papa de Victoria, 6 ans. Leur mariage va\u00a0litt\u00e9ralement bouleverser l\u2019existence de Sarah : elle \u00e9tait une jeune fille libre et ind\u00e9pendante, elle devient tout \u00e0 coup\u00a0\u00e9pouse et m\u00e8re d\u2019une fille qui n\u2019est pas la sienne.<\/p>\n<p>Sa formation d\u2019\u00e9ducatrice sp\u00e9cialis\u00e9e l\u2019avait rendu sensible aux d\u00e9fis d\u2019une famille recompos\u00e9e. Pourtant, elle \u00e9tait\u00a0encore loin de la r\u00e9alit\u00e9 qui l\u2019attendait. Clairement dans une impasse, c\u2019est en puisant dans sa foi chr\u00e9tienne que Sarah\u00a0s\u2019est laiss\u00e9e transformer par l\u2019amour et la gr\u00e2ce de Dieu.<\/p>\n<p>Sans tabou, elle r\u00e9v\u00e8le les d\u00e9fis qui font le quotidien d\u2019une famille recompos\u00e9e et apporte des r\u00e9ponses pleines de\u00a0sagesse, de compassion et de clairvoyance. Moi, belle-m\u00e8re ordinaire est un message d\u2019espoir et de r\u00e9demption pour\u00a0tous ceux et celles qui vivent la famille recompos\u00e9e.<\/p>\n<\/div><div class=\"fusion-text fusion-text-2 fusion-no-medium-visibility fusion-no-large-visibility\"><p><span class=\"fusion-dropcap dropcap\">M<\/span>\u00e8re de quatre enfants et maman de coeur de Victoria, Sarah est mari\u00e9e \u00e0 S\u00e9bastien, pasteur en Alsace.<\/p>\n<p>Son livre &#8220;Moi, belle-m\u00e8re ordinaire&#8221; paru aux Editions du Cerf le 9 juin 2022 est \u00e0 la fois le r\u00e9cit du cheminement de Sarah, un condens\u00e9 des le\u00e7ons qu\u2019elle a apprises en chemin et qu\u2019elle transmet ainsi \u00e0 ceux qui vivent de pr\u00e8s ou\u00a0de loin une situation de famille recompos\u00e9e.<\/p>\n<p>Sarah n\u2019avait pas pr\u00e9vu de tomber amoureuse de S\u00e9bastien, pasteur et papa de Victoria, 6 ans. Leur mariage va\u00a0litt\u00e9ralement bouleverser l\u2019existence de Sarah : elle \u00e9tait une jeune fille libre et ind\u00e9pendante, elle devient tout \u00e0 coup\u00a0\u00e9pouse et m\u00e8re d\u2019une fille qui n\u2019est pas la sienne.<\/p>\n<p>Sa formation d\u2019\u00e9ducatrice sp\u00e9cialis\u00e9e l\u2019avait rendu sensible aux d\u00e9fis d\u2019une famille recompos\u00e9e. Pourtant, elle \u00e9tait\u00a0encore loin de la r\u00e9alit\u00e9 qui l\u2019attendait. Clairement dans une impasse, c\u2019est en puisant dans sa foi chr\u00e9tienne que Sarah\u00a0s\u2019est laiss\u00e9e transformer par l\u2019amour et la gr\u00e2ce de Dieu.<\/p>\n<p>Sans tabou, elle r\u00e9v\u00e8le les d\u00e9fis qui font le quotidien d\u2019une famille recompos\u00e9e et apporte des r\u00e9ponses pleines de\u00a0sagesse, de compassion et de clairvoyance. Moi, belle-m\u00e8re ordinaire est un message d\u2019espoir et de r\u00e9demption pour\u00a0tous ceux et celles qui vivent la famille recompos\u00e9e.<\/p>\n<\/div><\/div><style type=\"text\/css\">.fusion-body .fusion-builder-column-1{width:60% !important;margin-top : 0px;margin-bottom : 20px;}.fusion-builder-column-1 > .fusion-column-wrapper {padding-top : 0px !important;padding-right : 0px !important;margin-right : 3.2%;padding-bottom : 0px !important;padding-left : 0px !important;margin-left : 6.72%;}@media only screen and (max-width:1075px) {.fusion-body .fusion-builder-column-1{width:100% !important;}.fusion-builder-column-1 > .fusion-column-wrapper {margin-right : 1.92%;margin-left : 1.92%;}}@media only screen and (max-width:640px) {.fusion-body .fusion-builder-column-1{width:100% !important;}.fusion-builder-column-1 > .fusion-column-wrapper {margin-right : 1.92%;margin-left : 1.92%;}}<\/style><\/div><\/div><style type=\"text\/css\">.fusion-body .fusion-flex-container.fusion-builder-row-1{ padding-top : 4%;margin-top : 0px;padding-right : 12%;padding-bottom : 0%;margin-bottom : 0px;padding-left : 12%;}@media only screen and (max-width:1075px) {.fusion-body .fusion-flex-container.fusion-builder-row-1{ padding-right : 8%;padding-left : 8%;}}@media only screen and (max-width:640px) {.fusion-body .fusion-flex-container.fusion-builder-row-1{ padding-right : 40px;padding-left : 40px;}}<\/style><\/div><div class=\"fusion-fullwidth fullwidth-box fusion-builder-row-2 fusion-flex-container nonhundred-percent-fullwidth non-hundred-percent-height-scrolling\" style=\"background-color: var(--awb-color1);background-position: center center;background-repeat: no-repeat;border-width: 0px 0px 0px 0px;border-color:hsla(var(--awb-color3-h),var(--awb-color3-s),calc( var(--awb-color3-l) + 15% ),var(--awb-color3-a));border-style:solid;\" ><div class=\"fusion-builder-row fusion-row fusion-flex-align-items-flex-start fusion-flex-justify-content-center\" style=\"max-width:95.68%;margin-left: calc(-4% \/ 2 );margin-right: calc(-4% \/ 2 );\"><div class=\"fusion-layout-column fusion_builder_column fusion-builder-column-2 fusion_builder_column_3_5 3_5 fusion-flex-column fusion-animated\" data-animationType=\"fadeInDown\" data-animationDuration=\"1.0\" data-animationOffset=\"top-into-view\"><div class=\"fusion-column-wrapper fusion-flex-justify-content-flex-start fusion-content-layout-column\" style=\"background-position:left top;background-repeat:no-repeat;-webkit-background-size:cover;-moz-background-size:cover;-o-background-size:cover;background-size:cover;padding: 0px 0% 0px 0%;\"><div class=\"fusion-separator fusion-full-width-sep\" style=\"align-self: center;margin-left: auto;margin-right: auto;margin-top:5%;width:100%;\"><\/div><div class=\"fusion-text fusion-text-3\"><h4 style=\"text-align: center; color: var(--awb-color8); font-size: 20px;\" data-fusion-font=\"true\">Sarah Sch\u00f6pperl\u00e9 est \u00e9ducatrice sp\u00e9cialis\u00e9e et coordinatrice Resp\u00e9rance 67, une association qui vient en aide aux familles de sa ville.<\/h4>\n<h4 style=\"text-align: center; color: var(--awb-color8); font-size: 20px;\" data-fusion-font=\"true\">Mari\u00e9e \u00e0 S\u00e9bastien Sch\u00f6pperl\u00e9, pasteur, ils ont entam\u00e9 ensemble un minist\u00e8re d&#8217;accompagnement, La source.<\/h4>\n<h4 style=\"text-align: center; color: var(--awb-color8); font-size: 20px;\" data-fusion-font=\"true\">Ils ont cinq enfants.<\/h4>\n<\/div><div class=\"fusion-separator fusion-full-width-sep\" style=\"align-self: center;margin-left: auto;margin-right: auto;margin-top:5%;width:100%;\"><\/div><\/div><style type=\"text\/css\">.fusion-body .fusion-builder-column-2{width:60% !important;margin-top : 0px;margin-bottom : 0px;}.fusion-builder-column-2 > .fusion-column-wrapper {padding-top : 0px !important;padding-right : 0% !important;margin-right : 0%;padding-bottom : 0px !important;padding-left : 0% !important;margin-left : 0%;}@media only screen and (max-width:1075px) {.fusion-body .fusion-builder-column-2{width:100% !important;}.fusion-builder-column-2 > .fusion-column-wrapper {margin-right : 1.92%;margin-left : 1.92%;}}@media only screen and (max-width:640px) {.fusion-body .fusion-builder-column-2{width:100% !important;}.fusion-builder-column-2 > .fusion-column-wrapper {margin-right : 1.92%;margin-left : 1.92%;}}<\/style><\/div><\/div><style type=\"text\/css\">.fusion-body .fusion-flex-container.fusion-builder-row-2{ padding-top : 5%;margin-top : 0px;padding-right : 12%;padding-bottom : 0%;margin-bottom : 0px;padding-left : 12%;}@media only screen and (max-width:640px) {.fusion-body .fusion-flex-container.fusion-builder-row-2{ padding-right : 40px;padding-left : 40px;}}<\/style><\/div><\/p>\n","protected":false},"excerpt":{"rendered":"","protected":false},"author":1,"featured_media":2731,"parent":0,"menu_order":0,"comment_status":"closed","ping_status":"closed","template":"100-width.php","meta":[],"_links":{"self":[{"href":"https:\/\/lasource.contact\/index.php\/wp-json\/wp\/v2\/pages\/8"}],"collection":[{"href":"https:\/\/lasource.contact\/index.php\/wp-json\/wp\/v2\/pages"}],"about":[{"href":"https:\/\/lasource.contact\/index.php\/wp-json\/wp\/v2\/types\/page"}],"author":[{"embeddable":true,"href":"https:\/\/lasource.contact\/index.php\/wp-json\/wp\/v2\/users\/1"}],"replies":[{"embeddable":true,"href":"https:\/\/lasource.contact\/index.php\/wp-json\/wp\/v2\/comments?post=8"}],"version-history":[{"count":15,"href":"https:\/\/lasource.contact\/index.php\/wp-json\/wp\/v2\/pages\/8\/revisions"}],"predecessor-version":[{"id":2830,"href":"https:\/\/lasource.contact\/index.php\/wp-json\/wp\/v2\/pages\/8\/revisions\/2830"}],"wp:featuredmedia":[{"embeddable":true,"href":"https:\/\/lasource.contact\/index.php\/wp-json\/wp\/v2\/media\/2731"}],"wp:attachment":[{"href":"https:\/\/lasource.contact\/index.php\/wp-json\/wp\/v2\/media?parent=8"}],"curies":[{"name":"wp","href":"https:\/\/api.w.org\/{rel}","templated":true}]}}