{"id":2,"date":"2021-04-21T22:22:30","date_gmt":"2021-04-21T20:22:30","guid":{"rendered":"http:\/\/lasource.contact\/?page_id=2"},"modified":"2022-04-29T21:26:13","modified_gmt":"2022-04-29T19:26:13","slug":"la-source","status":"publish","type":"page","link":"https:\/\/lasource.contact\/index.php\/la-source\/","title":{"rendered":"La Source"},"content":{"rendered":"<p>Pr\u00e9sentation &#8220;LA SOURCE&#8221;<\/p>\n<p><strong>Vision<\/strong><\/p>\n<p>Verset cl\u00e9:<span class=\"Apple-converted-space\">\u00a0<\/span><\/p>\n<p>J\u00e9r\u00e9mie 33:6 \u2013 Voici, je lui donnerai la gu\u00e9rison et la sant\u00e9, je les gu\u00e9rirai, Et je leur ouvrirai une source abondante de paix et de fid\u00e9lit\u00e9.<\/p>\n<p>Psaume 23:3 \u2013 Il restaure mon \u00e2me, Il me conduit dans les sentiers de la justice, \u00e0 cause de son nom.<\/p>\n<p>Nous croyons que rien n\u2019est impossible \u00e0 Dieu (Luc 1:37). Il peut nous restaurer, nous gu\u00e9rir et nous aider \u00e0 surmonter toutes nos difficult\u00e9s et nos souffrances. Si Dieu est ma fondation, je peux tout en lui.<span class=\"Apple-converted-space\">\u00a0<\/span><\/p>\n<p><strong>Accompagnement<\/strong><\/p>\n<p>La Source vous propose un accompagnement personnalis\u00e9 dans une perspective chr\u00e9tienne.<span class=\"Apple-converted-space\">\u00a0 \u00a0 <\/span>Notre d\u00e9sir est de vous accompagner vers une d\u00e9marche de changement qui vise une restauration personnelle et une croissance spirituelle.<\/p>\n<p>Ce suivi se d\u00e9roule dans un cadre accueillant, confidentiel, attentionn\u00e9 et compr\u00e9hensif. Il s\u2019adresse \u00e0 des enfants, des jeunes ou des adultes, seul ou en couple.<span class=\"Apple-converted-space\">\u00a0<\/span><\/p>\n<p>Nous sommes avant tout un couple pastoral. Nous nous appuyons l\u2019un sur l\u2019autre, nous nous conseillons mutuellement pour vous accompagner au mieux avec l\u2019aide de notre Seigneur. Nous nous autorisons \u00e0 \u00e9changer au sein de notre couple afin d\u2019avoir un autre point de vue, un autre discernement, mais cela restera strictement confidentiel.<\/p>\n<p>Nous pouvons vous recevoir pour vous conseiller ou vous suivre dans un domaine concernant les relations personnelles ou familiale, le deuil, l\u2019identit\u00e9, les \u00e9motions, le pass\u00e9, les chutes, les combats,<span class=\"Apple-converted-space\">\u00a0 <\/span>des \u00e9preuves \u00e0 surmonter, un conflit \u00e0 g\u00e9rer, etc. <span class=\"Apple-converted-space\">\u00a0<\/span><\/p>\n<p>Nous poss\u00e9dons \u00e9galement un petit studio ind\u00e9pendant, cocooning et fonctionnel si vous avez besoin de temps exempt\u00e9 de votre quotidien ou\/et de votre famille. Prendre un temps de recul en solitaire, chercher la face de Dieu tout en \u00e9tant accompagn\u00e9 peut favoriser un ressourcement et un nouveau d\u00e9part.<span class=\"Apple-converted-space\">\u00a0<\/span><\/p>\n<p><strong>Notre fonctionnement<span class=\"Apple-converted-space\">\u00a0<\/span><\/strong><\/p>\n<p>Notre accompagnement se d\u00e9roule selon une m\u00e9thodologie pr\u00e9cise.<\/p>\n<p>L\u2019accompagn\u00e9 fait part lors d\u2019un entretien (gratuit) des raisons de son ou ses besoins pour un suivi. Pendant notre \u00e9change, il nous d\u00e9voile ses difficult\u00e9s, ses \u00e9motions, sa vision de la situation.<span class=\"Apple-converted-space\">\u00a0<\/span><\/p>\n<p>Apr\u00e8s un temps d\u2019\u00e9change plus ou moins long sur le motif de consultation, nous fixerons un ou deux objectifs \u00e0 atteindre en d\u00e9limitant un certain nombre de s\u00e9ances. Nous proc\u00e9dons ainsi afin de favoriser une transparence dans la relation d\u2019aide et de cadrer notre suivi.<span class=\"Apple-converted-space\">\u00a0<\/span><\/p>\n<p>Le travail d\u2019accompagnant \u00e0 un d\u00e9but et une fin qui sera clairement d\u00e9fini.<span class=\"Apple-converted-space\">\u00a0<\/span><\/p>\n<p>Notre accompagnement permet \u00e0 travers notre suivi d\u2019\u00e9clairer l\u2019accompagn\u00e9 sur ses capacit\u00e9s et ses comp\u00e9tences \u00e0 faire face aux changements n\u00e9cessaire. La pr\u00e9sence de Dieu est primordial, c\u2019est lui qui est au coeur de notre processus de gu\u00e9rison. Il nous montre la voie \u00e0 suivre, accorde son discernement et sa restauration.<span class=\"Apple-converted-space\">\u00a0<\/span><\/p>\n<p><strong>En pratique<span class=\"Apple-converted-space\">\u00a0<\/span><\/strong><\/p>\n<p>Nous demandons une participation financi\u00e8re pour chaque entretien selon les ressources financi\u00e8res.<span class=\"Apple-converted-space\">\u00a0<\/span><\/p>\n<ul>\n<li>Enfant:<span class=\"Apple-converted-space\">\u00a0<\/span><\/li>\n<li>Etudiant\/minima Sociaux:<span class=\"Apple-converted-space\">\u00a0<\/span><\/li>\n<li>Adulte:<\/li>\n<li>Couple: <span class=\"Apple-converted-space\">\u00a0<\/span><\/li>\n<\/ul>\n<p>Prix par s\u00e9ance sans tarif particulier: 40\u20ac<\/p>\n<p>&nbsp;<\/p>\n<p><strong>Conseillers<\/strong><\/p>\n<p>Sarah Schopperl\u00e9, dipl\u00f4m\u00e9 d\u2019\u00e9ducatrice sp\u00e9cialis\u00e9e, elle est actuellement en poste missionnaire JPC en tant que coordinatrice Resperance 67. Sarah a suivi la formation a distance avec Famille Je t\u2019Aime. Elle poursuit sa formation continue en Counseling Biblique avec Evangile 21 et la fondation du Counseling Biblique du Canada. Auteur du livre, \u00ab\u00a0Moi, belle-m\u00e8re ordinaire\u00a0\u00bb, Sarah Schopperl\u00e9 est sp\u00e9cialis\u00e9e dans les relations familiale, l\u2019\u00e9ducation des enfants et toute les probl\u00e9matiques autour de l\u2019identit\u00e9 en soi.<span class=\"Apple-converted-space\">\u00a0<\/span><\/p>\n<p>S\u00e9bastien Schopperl\u00e9 est pasteur et conseiller en Relation d\u2019Aide Biblique.<span class=\"Apple-converted-space\">\u00a0<\/span><\/p>\n","protected":false},"excerpt":{"rendered":"<p>Pr\u00e9sentation &#8220;LA SOURCE&#8221; Vision Verset cl\u00e9:\u00a0 J\u00e9r\u00e9mie 33:6 \u2013 Voici, [&hellip;]<\/p>\n","protected":false},"author":1,"featured_media":0,"parent":0,"menu_order":0,"comment_status":"closed","ping_status":"open","template":"100-width.php","meta":[],"_links":{"self":[{"href":"https:\/\/lasource.contact\/index.php\/wp-json\/wp\/v2\/pages\/2"}],"collection":[{"href":"https:\/\/lasource.contact\/index.php\/wp-json\/wp\/v2\/pages"}],"about":[{"href":"https:\/\/lasource.contact\/index.php\/wp-json\/wp\/v2\/types\/page"}],"author":[{"embeddable":true,"href":"https:\/\/lasource.contact\/index.php\/wp-json\/wp\/v2\/users\/1"}],"replies":[{"embeddable":true,"href":"https:\/\/lasource.contact\/index.php\/wp-json\/wp\/v2\/comments?post=2"}],"version-history":[{"count":2,"href":"https:\/\/lasource.contact\/index.php\/wp-json\/wp\/v2\/pages\/2\/revisions"}],"predecessor-version":[{"id":2767,"href":"https:\/\/lasource.contact\/index.php\/wp-json\/wp\/v2\/pages\/2\/revisions\/2767"}],"wp:attachment":[{"href":"https:\/\/lasource.contact\/index.php\/wp-json\/wp\/v2\/media?parent=2"}],"curies":[{"name":"wp","href":"https:\/\/api.w.org\/{rel}","templated":true}]}}